{"id":480,"date":"2025-09-29T14:47:59","date_gmt":"2025-09-29T14:47:59","guid":{"rendered":"https:\/\/atelieruldecraft.ro\/?post_type=product&#038;p=480"},"modified":"2025-09-29T16:18:26","modified_gmt":"2025-09-29T16:18:26","slug":"glob-personalizat-cu-nume-primul-meu-craciun","status":"publish","type":"product","link":"https:\/\/atelieruldecraft.ro\/?product=glob-personalizat-cu-nume-primul-meu-craciun","title":{"rendered":"Glob personalizat cu nume &#8211; Primul meu Craciun"},"content":{"rendered":"<p>Glob personalizat cu nume &#8211; Primul meu Craciun, HDF de 3mm grosime, diametru de 8.8 cm<\/p>\n<p>Transform\u0103 primul Cr\u0103ciun al micu\u021bului t\u0103u \u00eentr-o amintire de neuitat cu un glob unic, personalizat cu numele s\u0103u. Realizat cu aten\u021bie la detalii, acest glob delicat este cadoul perfect pentru a marca un moment at\u00e2t de special \u00een via\u021ba familiei.<\/p>\n<p>&nbsp;<\/p>\n","protected":false},"excerpt":{"rendered":"<p>Glob personalizat cu nume &#8211; Primul meu Craciun, HDF de 3mm grosime, diametru de 8.8 cm<\/p>\n<p>Transform\u0103 primul Cr\u0103ciun al micu\u021bului t\u0103u \u00eentr-o amintire de neuitat cu un glob unic, personalizat cu numele s\u0103u. Realizat cu aten\u021bie la detalii, acest glob delicat este cadoul perfect pentru a marca un moment at\u00e2t de special \u00een via\u021ba familiei.<\/p>\n<p>&nbsp;<\/p>\n","protected":false},"featured_media":478,"comment_status":"open","ping_status":"closed","template":"","meta":{"_monsterinsights_skip_tracking":false,"_monsterinsights_sitenote_active":false,"_monsterinsights_sitenote_note":"","_monsterinsights_sitenote_category":0},"product_brand":[],"product_cat":[18],"product_tag":[],"class_list":{"0":"post-480","1":"product","2":"type-product","3":"status-publish","4":"has-post-thumbnail","6":"product_cat-cadouri","7":"latest_post","9":"first","10":"instock","11":"shipping-taxable","12":"purchasable","13":"product-type-simple"},"yoast_head":"<!-- This site is optimized with the Yoast SEO plugin v27.3 - https:\/\/yoast.com\/product\/yoast-seo-wordpress\/ -->\n<title>Glob personalizat cu nume - Primul meu Craciun -<\/title>\n<meta name=\"robots\" content=\"index, follow, max-snippet:-1, max-image-preview:large, max-video-preview:-1\" \/>\n<link rel=\"canonical\" href=\"https:\/\/atelieruldecraft.ro\/?product=glob-personalizat-cu-nume-primul-meu-craciun\" \/>\n<meta property=\"og:locale\" content=\"ro_RO\" \/>\n<meta property=\"og:type\" content=\"article\" \/>\n<meta property=\"og:title\" content=\"Glob personalizat cu nume - Primul meu Craciun -\" \/>\n<meta property=\"og:description\" content=\"Glob personalizat cu nume - Primul meu Craciun, HDF de 3mm grosime, diametru de 8.8 cm  Transform\u0103 primul Cr\u0103ciun al micu\u021bului t\u0103u \u00eentr-o amintire de neuitat cu un glob unic, personalizat cu numele s\u0103u. Realizat cu aten\u021bie la detalii, acest glob delicat este cadoul perfect pentru a marca un moment at\u00e2t de special \u00een via\u021ba familiei.  &nbsp;\" \/>\n<meta property=\"og:url\" content=\"https:\/\/atelieruldecraft.ro\/?product=glob-personalizat-cu-nume-primul-meu-craciun\" \/>\n<meta property=\"article:publisher\" content=\"https:\/\/www.facebook.com\/profile.php?id=61572208782174\" \/>\n<meta property=\"article:modified_time\" content=\"2025-09-29T16:18:26+00:00\" \/>\n<meta property=\"og:image\" content=\"https:\/\/atelieruldecraft.ro\/wp-content\/uploads\/2025\/09\/glob_nume_fetita.jpg\" \/>\n\t<meta property=\"og:image:width\" content=\"1875\" \/>\n\t<meta property=\"og:image:height\" content=\"1875\" \/>\n\t<meta property=\"og:image:type\" content=\"image\/jpeg\" \/>\n<meta name=\"twitter:card\" content=\"summary_large_image\" \/>\n<script type=\"application\/ld+json\" class=\"yoast-schema-graph\">{\"@context\":\"https:\\\/\\\/schema.org\",\"@graph\":[{\"@type\":\"WebPage\",\"@id\":\"https:\\\/\\\/atelieruldecraft.ro\\\/?product=glob-personalizat-cu-nume-primul-meu-craciun\",\"url\":\"https:\\\/\\\/atelieruldecraft.ro\\\/?product=glob-personalizat-cu-nume-primul-meu-craciun\",\"name\":\"Glob personalizat cu nume - Primul meu Craciun -\",\"isPartOf\":{\"@id\":\"https:\\\/\\\/atelieruldecraft.ro\\\/#website\"},\"primaryImageOfPage\":{\"@id\":\"https:\\\/\\\/atelieruldecraft.ro\\\/?product=glob-personalizat-cu-nume-primul-meu-craciun#primaryimage\"},\"image\":{\"@id\":\"https:\\\/\\\/atelieruldecraft.ro\\\/?product=glob-personalizat-cu-nume-primul-meu-craciun#primaryimage\"},\"thumbnailUrl\":\"https:\\\/\\\/atelieruldecraft.ro\\\/wp-content\\\/uploads\\\/2025\\\/09\\\/glob_nume_fetita.jpg\",\"datePublished\":\"2025-09-29T14:47:59+00:00\",\"dateModified\":\"2025-09-29T16:18:26+00:00\",\"breadcrumb\":{\"@id\":\"https:\\\/\\\/atelieruldecraft.ro\\\/?product=glob-personalizat-cu-nume-primul-meu-craciun#breadcrumb\"},\"inLanguage\":\"ro-RO\",\"potentialAction\":[{\"@type\":\"ReadAction\",\"target\":[\"https:\\\/\\\/atelieruldecraft.ro\\\/?product=glob-personalizat-cu-nume-primul-meu-craciun\"]}]},{\"@type\":\"ImageObject\",\"inLanguage\":\"ro-RO\",\"@id\":\"https:\\\/\\\/atelieruldecraft.ro\\\/?product=glob-personalizat-cu-nume-primul-meu-craciun#primaryimage\",\"url\":\"https:\\\/\\\/atelieruldecraft.ro\\\/wp-content\\\/uploads\\\/2025\\\/09\\\/glob_nume_fetita.jpg\",\"contentUrl\":\"https:\\\/\\\/atelieruldecraft.ro\\\/wp-content\\\/uploads\\\/2025\\\/09\\\/glob_nume_fetita.jpg\",\"width\":1875,\"height\":1875,\"caption\":\"Glob personalizat cu nume - Primul meu Craciun\"},{\"@type\":\"BreadcrumbList\",\"@id\":\"https:\\\/\\\/atelieruldecraft.ro\\\/?product=glob-personalizat-cu-nume-primul-meu-craciun#breadcrumb\",\"itemListElement\":[{\"@type\":\"ListItem\",\"position\":1,\"name\":\"Home\",\"item\":\"https:\\\/\\\/atelieruldecraft.ro\\\/\"},{\"@type\":\"ListItem\",\"position\":2,\"name\":\"Shop\",\"item\":\"https:\\\/\\\/atelieruldecraft.ro\\\/?page_id=6\"},{\"@type\":\"ListItem\",\"position\":3,\"name\":\"Glob personalizat cu nume &#8211; Primul meu Craciun\"}]},{\"@type\":\"WebSite\",\"@id\":\"https:\\\/\\\/atelieruldecraft.ro\\\/#website\",\"url\":\"https:\\\/\\\/atelieruldecraft.ro\\\/\",\"name\":\"Atelierul de Craft\",\"description\":\"craft with love, made from heart\",\"publisher\":{\"@id\":\"https:\\\/\\\/atelieruldecraft.ro\\\/#organization\"},\"potentialAction\":[{\"@type\":\"SearchAction\",\"target\":{\"@type\":\"EntryPoint\",\"urlTemplate\":\"https:\\\/\\\/atelieruldecraft.ro\\\/?s={search_term_string}\"},\"query-input\":{\"@type\":\"PropertyValueSpecification\",\"valueRequired\":true,\"valueName\":\"search_term_string\"}}],\"inLanguage\":\"ro-RO\"},{\"@type\":\"Organization\",\"@id\":\"https:\\\/\\\/atelieruldecraft.ro\\\/#organization\",\"name\":\"Atelierul de Craft\",\"url\":\"https:\\\/\\\/atelieruldecraft.ro\\\/\",\"logo\":{\"@type\":\"ImageObject\",\"inLanguage\":\"ro-RO\",\"@id\":\"https:\\\/\\\/atelieruldecraft.ro\\\/#\\\/schema\\\/logo\\\/image\\\/\",\"url\":\"https:\\\/\\\/atelieruldecraft.ro\\\/wp-content\\\/uploads\\\/2025\\\/03\\\/proba_logo_website.png\",\"contentUrl\":\"https:\\\/\\\/atelieruldecraft.ro\\\/wp-content\\\/uploads\\\/2025\\\/03\\\/proba_logo_website.png\",\"width\":1065,\"height\":197,\"caption\":\"Atelierul de Craft\"},\"image\":{\"@id\":\"https:\\\/\\\/atelieruldecraft.ro\\\/#\\\/schema\\\/logo\\\/image\\\/\"},\"sameAs\":[\"https:\\\/\\\/www.facebook.com\\\/profile.php?id=61572208782174\"]}]}<\/script>\n<!-- \/ Yoast SEO plugin. -->","yoast_head_json":{"title":"Glob personalizat cu nume - Primul meu Craciun -","robots":{"index":"index","follow":"follow","max-snippet":"max-snippet:-1","max-image-preview":"max-image-preview:large","max-video-preview":"max-video-preview:-1"},"canonical":"https:\/\/atelieruldecraft.ro\/?product=glob-personalizat-cu-nume-primul-meu-craciun","og_locale":"ro_RO","og_type":"article","og_title":"Glob personalizat cu nume - Primul meu Craciun -","og_description":"Glob personalizat cu nume - Primul meu Craciun, HDF de 3mm grosime, diametru de 8.8 cm  Transform\u0103 primul Cr\u0103ciun al micu\u021bului t\u0103u \u00eentr-o amintire de neuitat cu un glob unic, personalizat cu numele s\u0103u. Realizat cu aten\u021bie la detalii, acest glob delicat este cadoul perfect pentru a marca un moment at\u00e2t de special \u00een via\u021ba familiei.  &nbsp;","og_url":"https:\/\/atelieruldecraft.ro\/?product=glob-personalizat-cu-nume-primul-meu-craciun","article_publisher":"https:\/\/www.facebook.com\/profile.php?id=61572208782174","article_modified_time":"2025-09-29T16:18:26+00:00","og_image":[{"width":1875,"height":1875,"url":"https:\/\/atelieruldecraft.ro\/wp-content\/uploads\/2025\/09\/glob_nume_fetita.jpg","type":"image\/jpeg"}],"twitter_card":"summary_large_image","schema":{"@context":"https:\/\/schema.org","@graph":[{"@type":"WebPage","@id":"https:\/\/atelieruldecraft.ro\/?product=glob-personalizat-cu-nume-primul-meu-craciun","url":"https:\/\/atelieruldecraft.ro\/?product=glob-personalizat-cu-nume-primul-meu-craciun","name":"Glob personalizat cu nume - Primul meu Craciun -","isPartOf":{"@id":"https:\/\/atelieruldecraft.ro\/#website"},"primaryImageOfPage":{"@id":"https:\/\/atelieruldecraft.ro\/?product=glob-personalizat-cu-nume-primul-meu-craciun#primaryimage"},"image":{"@id":"https:\/\/atelieruldecraft.ro\/?product=glob-personalizat-cu-nume-primul-meu-craciun#primaryimage"},"thumbnailUrl":"https:\/\/atelieruldecraft.ro\/wp-content\/uploads\/2025\/09\/glob_nume_fetita.jpg","datePublished":"2025-09-29T14:47:59+00:00","dateModified":"2025-09-29T16:18:26+00:00","breadcrumb":{"@id":"https:\/\/atelieruldecraft.ro\/?product=glob-personalizat-cu-nume-primul-meu-craciun#breadcrumb"},"inLanguage":"ro-RO","potentialAction":[{"@type":"ReadAction","target":["https:\/\/atelieruldecraft.ro\/?product=glob-personalizat-cu-nume-primul-meu-craciun"]}]},{"@type":"ImageObject","inLanguage":"ro-RO","@id":"https:\/\/atelieruldecraft.ro\/?product=glob-personalizat-cu-nume-primul-meu-craciun#primaryimage","url":"https:\/\/atelieruldecraft.ro\/wp-content\/uploads\/2025\/09\/glob_nume_fetita.jpg","contentUrl":"https:\/\/atelieruldecraft.ro\/wp-content\/uploads\/2025\/09\/glob_nume_fetita.jpg","width":1875,"height":1875,"caption":"Glob personalizat cu nume - Primul meu Craciun"},{"@type":"BreadcrumbList","@id":"https:\/\/atelieruldecraft.ro\/?product=glob-personalizat-cu-nume-primul-meu-craciun#breadcrumb","itemListElement":[{"@type":"ListItem","position":1,"name":"Home","item":"https:\/\/atelieruldecraft.ro\/"},{"@type":"ListItem","position":2,"name":"Shop","item":"https:\/\/atelieruldecraft.ro\/?page_id=6"},{"@type":"ListItem","position":3,"name":"Glob personalizat cu nume &#8211; Primul meu Craciun"}]},{"@type":"WebSite","@id":"https:\/\/atelieruldecraft.ro\/#website","url":"https:\/\/atelieruldecraft.ro\/","name":"Atelierul de Craft","description":"craft with love, made from heart","publisher":{"@id":"https:\/\/atelieruldecraft.ro\/#organization"},"potentialAction":[{"@type":"SearchAction","target":{"@type":"EntryPoint","urlTemplate":"https:\/\/atelieruldecraft.ro\/?s={search_term_string}"},"query-input":{"@type":"PropertyValueSpecification","valueRequired":true,"valueName":"search_term_string"}}],"inLanguage":"ro-RO"},{"@type":"Organization","@id":"https:\/\/atelieruldecraft.ro\/#organization","name":"Atelierul de Craft","url":"https:\/\/atelieruldecraft.ro\/","logo":{"@type":"ImageObject","inLanguage":"ro-RO","@id":"https:\/\/atelieruldecraft.ro\/#\/schema\/logo\/image\/","url":"https:\/\/atelieruldecraft.ro\/wp-content\/uploads\/2025\/03\/proba_logo_website.png","contentUrl":"https:\/\/atelieruldecraft.ro\/wp-content\/uploads\/2025\/03\/proba_logo_website.png","width":1065,"height":197,"caption":"Atelierul de Craft"},"image":{"@id":"https:\/\/atelieruldecraft.ro\/#\/schema\/logo\/image\/"},"sameAs":["https:\/\/www.facebook.com\/profile.php?id=61572208782174"]}]}},"_links":{"self":[{"href":"https:\/\/atelieruldecraft.ro\/index.php?rest_route=\/wp\/v2\/product\/480","targetHints":{"allow":["GET"]}}],"collection":[{"href":"https:\/\/atelieruldecraft.ro\/index.php?rest_route=\/wp\/v2\/product"}],"about":[{"href":"https:\/\/atelieruldecraft.ro\/index.php?rest_route=\/wp\/v2\/types\/product"}],"replies":[{"embeddable":true,"href":"https:\/\/atelieruldecraft.ro\/index.php?rest_route=%2Fwp%2Fv2%2Fcomments&post=480"}],"wp:featuredmedia":[{"embeddable":true,"href":"https:\/\/atelieruldecraft.ro\/index.php?rest_route=\/wp\/v2\/media\/478"}],"wp:attachment":[{"href":"https:\/\/atelieruldecraft.ro\/index.php?rest_route=%2Fwp%2Fv2%2Fmedia&parent=480"}],"wp:term":[{"taxonomy":"product_brand","embeddable":true,"href":"https:\/\/atelieruldecraft.ro\/index.php?rest_route=%2Fwp%2Fv2%2Fproduct_brand&post=480"},{"taxonomy":"product_cat","embeddable":true,"href":"https:\/\/atelieruldecraft.ro\/index.php?rest_route=%2Fwp%2Fv2%2Fproduct_cat&post=480"},{"taxonomy":"product_tag","embeddable":true,"href":"https:\/\/atelieruldecraft.ro\/index.php?rest_route=%2Fwp%2Fv2%2Fproduct_tag&post=480"}],"curies":[{"name":"wp","href":"https:\/\/api.w.org\/{rel}","templated":true}]}}